mmon factor of 7252685 and 129440?
4045
Calculate the highest common divisor of 55782584 and 92664.
1144
Calculate the highest common divisor of 1329600 and 370.
10
What is the greatest common divisor of 180 and 12216726?
18
Calculate the greatest common divisor of 53 and 2433052397.
53
What is the highest common factor of 782 and 1538398?
34
What is the highest common factor of 1573 and 11398321?
121
Calculate the greatest common divisor of 31702 and 12421289.
131
Calculate the greatest common factor of 3 and 5471421.
3
What is the highest common divisor of 13791975 and 1198?
599
What is the highest common divisor of 326583889 and 6086?
3043
Calculate the highest common divisor of 6530622 and 309150.
1374
What is the greatest common divisor of 1371984813 and 17?
17
Calculate the highest common factor of 191832416 and 226.
226
Calculate the highest common divisor of 11941701 and 943.
41
Calculate the greatest common factor of 1601 and 3816929691.
1601
What is the highest common divisor of 3465479 and 181447?
529
Calculate the highest common divisor of 6022537 and 9307.
227
What is the greatest common factor of 1961740 and 631420?
4820
What is the greatest common divisor of 2830 and 3109690?
10
Calculate the greatest common factor of 20785188 and 7596.
2532
Calculate the highest common factor of 665453 and 9877117.
7477
What is the highest common factor of 156 and 12703002?
78
Calculate the highest common factor of 6404110 and 195.
5
What is the greatest common factor of 4664 and 18728?
8
What is the greatest common factor of 159560 and 2780?
20
What is the greatest common divisor of 42246672 and 18960?
3792
Calculate the greatest common factor of 46516 and 72581.
401
Calculate the highest common divisor of 5094 and 82461672.
5094
Calculate the greatest common divisor of 207748 and 52772.
668
Calculate the greatest common divisor of 514 and 4274167.
257
What is the highest common divisor of 9844 and 84272023?
2461
What is the highest common divisor of 21180542 and 61?
61
What is the highest common factor of 9990396 and 2340?
468
What is the highest common factor of 15688 and 8692?
212
What is the highest common divisor of 56 and 6059039?
7
What is the greatest common divisor of 997150 and 8800?
550
Calculate the highest common divisor of 1840 and 15239984.
368
What is the greatest common factor of 182020 and 1060?
20
Calculate the highest common factor of 55716482 and 72558.
8062
Calculate the highest common factor of 5610390 and 171270.
5190
Calculate the greatest common factor of 59396 and 57598.
62
Calculate the greatest common factor of 84888 and 11569527.
3537
Calculate the greatest common factor of 520 and 6136520.
520
Calculate the greatest common divisor of 3010368 and 10176.
192
What is the highest common divisor of 19633867 and 13871?
1067
Calculate the highest common factor of 88 and 30312953.
11
What is the greatest common factor of 20801 and 2656049?
341
Calculate the highest common divisor of 360785328 and 192.
48
What is the greatest common divisor of 7 and 983339?
7
Calculate the greatest common divisor of 11169 and 4150926.
657
What is the highest common factor of 277944201 and 18?
9
What is the highest common factor of 349872 and 4329?
111
What is the highest common divisor of 810 and 3080450?
10
What is the greatest common factor of 76065959 and 398?
199
What is the greatest common divisor of 54 and 22960557?
27
Calculate the highest common factor of 13780832 and 130.
26
Calculate the highest common divisor of 3680278 and 7.
7
Calculate the greatest common factor of 26100 and 256041.
261
Calculate the greatest common divisor of 47 and 15820059.
47
Calculate the greatest common divisor of 855 and 449483.
19
Calculate the greatest common factor of 1895483 and 42398.
731
What is the highest common divisor of 187 and 787457?
187
Calculate the highest common factor of 4928 and 2495108.
308
What is the highest common factor of 1489824 and 2712?
24
Calculate the highest common factor of 3640 and 11004448.
728
What is the highest common factor of 25890 and 30930?
30
What is the greatest common factor of 11310 and 379552?
58
What is the greatest common divisor of 7783482 and 399?
21
Calculate the highest common factor of 4330 and 356110.
10
What is the highest common factor of 1020 and 342180?
60
Calculate the greatest common factor of 486 and 72219357.
243
Calculate the greatest common factor of 312 and 45375.
3
What is the greatest common divisor of 4410135 and 251505?
1035
Calculate the greatest common factor of 21919207 and 44548.
1591
Calculate the greatest common factor of 87 and 22190829.
87
Calculate the greatest common factor of 104 and 44724524.
52
What is the greatest common factor of 16272183 and 2054?
79
Calculate the greatest common factor of 26063991 and 13959.
1269
What is the highest common divisor of 44987082 and 42?
42
What is the greatest common divisor of 123 and 3547341?
3
Calculate the highest common divisor of 525 and 1499475.
75
Calculate the highest common factor of 4736547 and 225.
9
Calculate the highest common divisor of 50183487 and 3123.
3123
What is the greatest common divisor of 114916 and 232?
4
Calculate the highest common divisor of 26031873 and 35259.
1533
What is the greatest common divisor of 6720572 and 6077?
59
What is the greatest common factor of 11356235 and 22?
11
Calculate the greatest common factor of 736 and 89924.
4
What is the highest common divisor of 2450 and 15313970?
490
Calculate the greatest common divisor of 2226290 and 1628.
814
Calculate the highest common factor of 8901 and 11784234.
69
Calculate the highest common factor of 158944 and 3521603.
4967
Calculate the highest common factor of 6524 and 305648.
28
Calculate the greatest common divisor of 2816 and 521345.
11
What is the greatest common divisor of 9776596 and 2168?
1084
Calculate the greatest common divisor of 30436 and 616.
28
What is the greatest common divisor of 10816 and 151360?
64
What is the highest common factor of 6945906 and 11136?
174
Calculate the highest common divisor of 1687412 and 970.
194
Calculate the greatest common divisor of 32998168 and 5488.
392
Calculate the highest common divisor of 4548128 and 1885.
377
What is the greatest common factor of 29604 and 841?
1
What is the highest common divisor of 4343381 and 595?
119
Calculate the greatest common divisor of 326290 and 106090.
10
Calculate the highest common factor of 2774 and 261997.
73
What is the highest common divisor of 1198302 and 355668?
1662
What is the highest common factor of 67659813 and 2808?
351
What is the greatest common factor of 8080893 and 63?
9
What is the highest common divisor of 1300 and 184678?
26
Calculate the greatest common divisor of 3627 and 2696881239.
3627
What is the greatest common divisor of 511053602 and 4674?
1558
Calculate the greatest common factor of 3270 and 543946515.
1635
Calculate the greatest common factor of 7680 and 1312320.
960
Calculate the highest common factor of 3237 and 26975.
1079
What is the highest common divisor of 1643 and 45266293?
1643
Calculate the highest common divisor of 522 and 30811224.
174
Calculate the greatest common factor of 44349196 and 732.
244
Calculate the highest common factor of 148242 and 5741262.
186
What is the greatest common factor of 2600 and 12145575?
325
What is the highest common divisor of 924 and 271848?
12
Calculate the highest common factor of 5814776 and 3.
1
Calculate the highest common divisor of 103211858 and 974.
974
What is the greatest common factor of 26010 and 16400?
10
What is the greatest common factor of 77 and 17525893?
77
What is the highest common factor of 92000 and 1053600?
800
Calculate the greatest common divisor of 10964381 and 73.
73
What is the highest common divisor of 12 and 35141532?
12
Calculate the greatest common divisor of 1630871 and 6083.
11
Calculate the highest common factor of 20534633 and 189931.
4417
What is the greatest common divisor of 76100 and 37270?
10
Calculate the highest common factor of 261 and 6715161.
9
What is the highest common factor of 183309 and 1392?
87
Calculate the highest common factor of 2695265 and 2775.
185
What is the highest common factor of 2895 and 39202932?
579
What is the highest common di